{"id":240,"date":"2013-09-01T14:24:03","date_gmt":"2013-09-01T14:24:03","guid":{"rendered":"http:\/\/www.digh.org\/cms\/organe-2.html"},"modified":"2016-04-18T14:32:56","modified_gmt":"2016-04-18T12:32:56","slug":"organe-2","status":"publish","type":"page","link":"https:\/\/www.digh.org\/cms\/ueber-das-digh-2\/organe-2.html","title":{"rendered":"Organe"},"content":{"rendered":"<p align=\"justify\">Das DIGH hat drei Organe, den Vorstand, bestehend aus drei Mitgliedern, das Kuratorium und die Mitgliederversammlung.<\/p>\n<p><strong>a) Vorstand<\/strong><\/p>\n<p align=\"justify\">Der Vorstand leitet die T\u00e4tigkeit des DIGH im Rahmen der Satzung, insbesondere im Rahmen der Beschl\u00fcsse des Kuratoriums, zur Erreichung des Vereinszwecks und zur Gew\u00e4hrleistung einer angemessenen \u00d6ffentlichkeitsarbeit.<\/p>\n<p><strong>Vorstandsmitglieder sind:<\/strong><\/p>\n<p>Herr Dr. Roland Knaak (Knaak &amp; Lechleitner Rechtsanw\u00e4lte),<br \/>\nSchellingstra\u00dfe 45, 80799 M\u00fcnchen (Vorstandssprecher)<\/p>\n<p>Herr Hans Hermann Hieronimi, (Schutzverband Deutscher Wein e.V.),<br \/>\nRoonstra\u00dfe 6, 56068 Koblenz<\/p>\n<p>Herr Henning Scholtz, Rechtsanwalt (RAL),<br \/>\nSiegburger Stra\u00dfe 39, 53757 Sankt Augustin<\/p>\n<p>Gesch\u00e4ftsf\u00fchrer ist Herr Dr. Thomas Schulte-Beckhausen (Loschelder Rechtsanw\u00e4lte),<br \/>\nKonrad-Adenauer-Ufer 11, 50668 K\u00f6ln.<\/p>\n<p><strong>b) Kuratorium<\/strong><\/p>\n<p align=\"justify\">Das Kuratorium gibt die Richtlinien f\u00fcr die T\u00e4tigkeit des DIGH vor und \u00fcberpr\u00fcft deren Verwirklichung. Es hat in den ihm von der Satzung zugewiesenen Angelegenheiten zu entscheiden und Meinungsverschiedenheiten von Mitgliedern untereinander oder mit dem Vorstand auszugleichen. Es schl\u00e4gt der Mitgliederversammlung den Vorstand zur Wahl vor. Es w\u00e4hlt den Vorstandssprecher aus der Mitte des Vorstandes.<\/p>\n<p><strong>Mitglieder des Kuratoriums sind:<\/strong><\/p>\n<p>Arbeitsgemeinschaft der Verbraucher<br \/>\nHeilsbachstra\u00dfe 20<br \/>\n53123 Bonn<\/p>\n<p>Bundesverband der Deutschen Industrie e.V. (BDI)<br \/>\nBreite Stra\u00dfe 29<br \/>\n10178 Berlin<\/p>\n<p>Bundesverband des Deutschen Gro\u00df- und Au\u00dfenhandels e.V.<br \/>\nAm Weidendamm 1A<br \/>\n10117 Berlin<\/p>\n<p>Bundesministerium der Justiz<br \/>\nMohrenstr. 37<br \/>\n10117 Berlin<\/p>\n<p>Bundesministerium f\u00fcr Ern\u00e4hrung Landwirtschaft und Forsten<br \/>\nRochusstra\u00dfe 1<br \/>\n53123 Bonn<\/p>\n<p>Bundesministerium f\u00fcr Gesundheit<br \/>\nAm Propsthof 78a<br \/>\n53121 Bonn<\/p>\n<p>Bundesministerium f\u00fcr Wirtschaft und Technologie<br \/>\nScharnhorststr. 34-37<br \/>\n10115 Berlin<\/p>\n<p>Deutsche Landwirtschaftsgesellschaft<br \/>\nEschborner Landstra\u00dfe 122<br \/>\n60489 Frankfurt<\/p>\n<p>Deutscher Industrie und Handelstag<br \/>\n11052 Berlin<\/p>\n<p>RAL<br \/>\nDeutsches Institut f\u00fcr G\u00fctesicherung und Kennzeichnung<br \/>\nSiegburger Stra\u00dfe 39<br \/>\n53757 Sankt Augustin<\/p>\n<p>Schutzverband Deutscher Wein e.V.<br \/>\nRoonstra\u00dfe 6<br \/>\n56068 Koblenz<\/p>\n<p>Verband der K\u00f6lnisch Wasser-Hersteller e.V.<br \/>\nGlockengasse 4<br \/>\n50667 K\u00f6ln<\/p>\n<p><strong>c) Mitgliederversammlung<\/strong><\/p>\n<p align=\"justify\">Die Mitgliederversammlung ist zust\u00e4ndig f\u00fcr die Wahl des vom Kuratiorium vorgeschlagenen Vorstand, Satzungs\u00e4nderungen etc..<\/p>\n<p><strong>Mitglieder des DIGH sind:<\/strong><\/p>\n<p>Bayerischer Brauerbund e.V.<br \/>\nOskar-von-Miller-Ring 1<br \/>\n80333 M\u00fcnchen<\/p>\n<p>Deutsche Vereinigung f\u00fcr gewerblichen Rechtsschutz und Urheberrecht e.V.<br \/>\nKonrad-Adenauer-Ufer 11<br \/>\n50668 K\u00f6ln<\/p>\n<p>Verein zum Schutz des Herkunftszeichens<br \/>\nL\u00dcBECKER MARZIPAN<br \/>\nZei\u00dfstra\u00dfe 1-7<br \/>\n23560 L\u00fcbeck<\/p>\n<p>K\u00f6lner Brauerei-Verband e.V.<br \/>\nPaul-Schall\u00fcck-Stra\u00dfe 10<br \/>\n50939 K\u00f6ln<\/p>\n<p>Dr. Carl von Jagow<br \/>\nKROHN &#038; JAGOW<br \/>\nEsplanade 41<br \/>\n20345 Hamburg<\/p>\n<p>Markenverband e.V.<br \/>\nUnter den Linden 42<br \/>\n10117 Berlin<\/p>\n<p>Wilmer Hale<br \/>\nUlmenstra\u00dfe 37-39<br \/>\n60325 Frankfurt \/ Main<\/p>\n<p>MCM Klosterfrau Vertriebsgesellschaft mbH<br \/>\nGereonsm\u00fchlengasse 1-11<br \/>\n50670 K\u00f6ln<\/p>\n<p>RAL<br \/>\nDeutsches Institut f\u00fcr G\u00fctesicherung und Kennzeichnung e.V.<br \/>\nSiegburger Str. 39<br \/>\n53757 Sankt Augustin<\/p>\n<p>Schutzverband der Spirituosenindustrie e.V.<br \/>\nUlmenstra\u00dfe 37-39<br \/>\n60325 Frankfurt \/ Main<\/p>\n<p>Verband der R\u00fcgenwalder Fleischwarenfabrikanten e.V.<br \/>\nIndustriestra\u00dfe 5<br \/>\n26160 Zwischenahn<\/p>\n<p>Verband der K\u00f6lnisch-Wasser-Hersteller e.V.<br \/>\nGlockengasse 4<br \/>\n50667 K\u00f6ln<\/p>\n<p>Verein zum Schutz des Herkunftsgew\u00e4hrszeichens &#8222;D\u00fcsseldorfer Senf&#8220; e.V.<br \/>\nKieshecker Weg 240<br \/>\n40468 D\u00fcsseldorf<\/p>\n<p>Zentrale zur Bek\u00e4mpfung unlauteren Wettbewerb e.V.<br \/>\nLandgrafenstra\u00dfe 24 B<br \/>\n61345 Bad Homburg v.d.H.<\/p>\n<p>Dr. Adolf And\u00f6rfer<br \/>\nC\u00e4cilienkloster 10<br \/>\n50676 K\u00f6ln<\/p>\n<p>Peter Munzinger<br \/>\nUngererstra\u00dfe 70<br \/>\n80805 M\u00fcnchen<\/p>\n<p>&nbsp;<\/p>\n<p>&nbsp;<\/p>\n<p>&nbsp;<\/p>\n<p>&nbsp;<\/p>\n","protected":false},"excerpt":{"rendered":"<p>DIGH, Deutsches Institut f\u00fcr geographische Herkunftsangaben e.V.<\/p>\n","protected":false},"author":1,"featured_media":0,"parent":244,"menu_order":2,"comment_status":"closed","ping_status":"closed","template":"","meta":{"footnotes":""},"class_list":["post-240","page","type-page","status-publish","hentry"],"_links":{"self":[{"href":"https:\/\/www.digh.org\/cms\/wp-json\/wp\/v2\/pages\/240","targetHints":{"allow":["GET"]}}],"collection":[{"href":"https:\/\/www.digh.org\/cms\/wp-json\/wp\/v2\/pages"}],"about":[{"href":"https:\/\/www.digh.org\/cms\/wp-json\/wp\/v2\/types\/page"}],"author":[{"embeddable":true,"href":"https:\/\/www.digh.org\/cms\/wp-json\/wp\/v2\/users\/1"}],"replies":[{"embeddable":true,"href":"https:\/\/www.digh.org\/cms\/wp-json\/wp\/v2\/comments?post=240"}],"version-history":[{"count":4,"href":"https:\/\/www.digh.org\/cms\/wp-json\/wp\/v2\/pages\/240\/revisions"}],"predecessor-version":[{"id":383,"href":"https:\/\/www.digh.org\/cms\/wp-json\/wp\/v2\/pages\/240\/revisions\/383"}],"up":[{"embeddable":true,"href":"https:\/\/www.digh.org\/cms\/wp-json\/wp\/v2\/pages\/244"}],"wp:attachment":[{"href":"https:\/\/www.digh.org\/cms\/wp-json\/wp\/v2\/media?parent=240"}],"curies":[{"name":"wp","href":"https:\/\/api.w.org\/{rel}","templated":true}]}}